1*o - 416368. Give i(8).
8
Let a(y) = y**3 + 132*y**2 - 1439*y + 912. Calculate a(-142).
3610
Let a(m) = 12*m**3 - 98*m**2 - 71*m - 211. What is a(9)?
-40
Let g(m) = 340798*m - 2726360. Calculate g(8).
24
Let s(l) = 52*l**2 + 1710*l - 7912. Calculate s(-37).
6
Let o(m) = -4156*m - 17000. Determine o(-4).
-376
Let v(i) = 3*i**3 + 38*i**2 - 67*i + 146. Determine v(-15).
-424
Let j(w) = 551*w + 34768. What is j(-63)?
55
Let t(b) = -2*b**3 - 445*b**2 - 238*b - 3542. Determine t(-222).
10
Let d(b) = -2145*b - 819423. Determine d(-382).
-33
Let j(m) = 32*m**2 - 363*m + 1470. What is j(4)?
530
Let f(s) = -6*s**2 - 1587*s + 9485. Give f(6).
-253
Let b(q) = -2*q**3 - 58*q**2 - 295*q + 808. Give b(-8).
480
Let z(a) = -12*a - 394. What is z(10)?
-514
Let f(p) = 15811*p + 379435. Calculate f(-24).
-29
Let f(g) = -6295*g**3 + 31491*g**2 - 77*g - 22. What is f(5)?
-7
Let m(k) = 3*k**2 - 6676*k + 73311. Give m(11).
238
Let k(r) = -458*r**3 - 13739*r**2 + 40*r + 296. Give k(-30).
-4
Let d(s) = -101*s + 2329. Give d(24).
-95
Let q(h) = -h**2 + 568*h + 41835. Calculate q(-66).
-9
Let q(s) = -86*s**2 + 6532*s - 177. Determine q(76).
-481
Let l(i) = -311*i + 62177. Calculate l(200).
-23
Let u(n) = 2426*n - 14367. What is u(6)?
189
Let p(q) = -2987*q**2 - 53710*q + 1094. What is p(-18)?
86
Let w(n) = 8*n**2 - 200*n - 51. Give w(31).
1437
Let o(w) = 481*w + 74059. Calculate o(-154).
-15
Let w(o) = o**2 + 2839*o + 147645. Determine w(-53).
-13
Let v(p) = 2*p**2 - 316*p + 10036. Give v(114).
4
Let m(c) = 439*c + 11070. Calculate m(-25).
95
Let c(q) = -q**3 + 7*q**2 + 304*q + 19. Give c(23).
-1453
Let d(p) = -p**3 - 8*p**2 - 2320*p + 36788. Determine d(14).
-4
Let o(b) = -7891*b + 78904. What is o(10)?
-6
Let n(u) = 180*u**3 - 6*u**2 + 720*u + 725. Calculate n(-1).
-181
Let x(z) = -275*z**3 + 1650*z**2 - 63*z + 383. Determine x(6).
5
Let a(k) = 1768*k**2 + 312933*k - 436. Calculate a(-177).
95
Let h(i) = 56985*i + 7465050. Calculate h(-131).
15
Let k(n) = -n**2 - 29655*n - 177887. What is k(-6)?
7
Let d(v) = -868*v**2 - 4291*v + 161. Calculate d(-5).
-84
Let x(i) = 2*i**2 - 470*i + 27399. Give x(107).
7
Let i(z) = -2*z**2 + 6223*z - 3089458. Calculate i(620).
2
Let u(f) = -182*f - 5667. Calculate u(-36).
885
Let w(v) = -9867*v + 671031. What is w(68)?
75
Let t(x) = -3*x**3 - 30*x**2 - 25*x + 137. Calculate t(-11).
775
Let b(f) = -3*f**2 - 116*f + 53012. What is b(115)?
-3
Let l(u) = -1128*u**2 + 12407*u + 15. Determine l(11).
4
Let j(v) = -778464*v - 4670761. Determine j(-6).
23
Let d(t) = 196*t + 34048. Give d(-174).
-56
Let j(k) = -3*k**3 - 22*k**2 - 252*k - 1376. What is j(-8)?
768
Let b(d) = -13*d**2 - 1880*d + 48568. What is b(-167)?
-29
Let j(i) = -i**3 + 3*i**2 - 19021*i - 76087. Give j(-4).
109
Let r(x) = 129*x**2 - 1500*x - 46276. Calculate r(-14).
8
Let m(i) = -i**2 - 904*i - 152792. Give m(-225).
-17
Let t(u) = 766*u**3 - 6*u**2 - u + 1. Calculate t(-1).
-770
Let y(w) = 295*w**2 - 393200*w - 46656. Give y(1333).
-1
Let k(s) = -2*s**2 - 60896*s - 487048. Determine k(-8).
-8
Let t(s) = 258*s + 20059. Calculate t(-69).
2257
Let k(m) = -15335*m - 184004. Calculate k(-12).
16
Let x(a) = 14*a**2 - 27*a + 118. What is x(6)?
460
Let k(n) = -4*n**2 - 200*n + 2106. Calculate k(-59).
-18
Let f(n) = 4*n**3 - 99*n**2 - 477*n - 4558. Determine f(30).
32
Let w(r) = -44422*r - 844029. Give w(-19).
-11
Let i(s) = s**2 + 330*s + 11219. Determine i(-53).
-3462
Let j(o) = -2651*o + 18448. Determine j(7).
-109
Let t(f) = -15*f**3 - 122*f**2 + 248*f + 2098. Calculate t(-8).
-14
Let u(h) = 3*h**3 - 315*h**2 - 1330*h - 72. Determine u(-4).
16
Let l(f) = 19*f**2 - 1527*f + 8953. Calculate l(74).
-1
Let w(b) = -33627*b + 2185762. What is w(65)?
7
Let f(t) = t**3 + 897*t**2 - 9161*t + 909. Calculate f(10).
-1
Let r(t) = t**3 + 387*t**2 + 29059*t - 3081. Give r(-285).
54
Let a(y) = 5610*y + 95390. Determine a(-17).
20
Let s(h) = 2*h**3 + 198*h**2 - 183*h + 896. What is s(-100)?
-804
Let a(f) = -166759*f - 500283. What is a(-3)?
-6
Let u(z) = -7*z**2 - 2093*z + 26134. Give u(-311).
10
Let w(l) = -381461*l - 762927. Give w(-2).
-5
Let v(q) = -2*q**3 + 345*q**2 + 2289*q + 6770. Determine v(179).
-32
Let x(l) = -l**3 - 178*l**2 + 284*l - 13619. Give x(-180).
61
Let g(z) = -19*z**2 + 862*z + 13522. What is g(-16)?
-5134
Let t(l) = 238*l**2 + 2972*l + 1390. Determine t(-12).
-2
Let h(f) = -f**2 + 723*f - 49636. What is h(76)?
-464
Let b(i) = i**3 + 33*i**2 - 2595*i - 45852. Determine b(-16).
20
Let v(j) = j**2 + 44*j + 688. Give v(-22).
204
Let a(f) = -2*f**3 + 95*f**2 - 66*f + 880. Give a(47).
-13
Let k(t) = -25002*t + 500038. What is k(20)?
-2
Let a(w) = 36*w**3 + 1443*w**2 + 88*w - 1298. Calculate a(-40).
-18
Let g(b) = b**2 - 36422*b + 3777069. Calculate g(104).
-3
Let v(s) = 2*s**2 + 312*s - 4400. Calculate v(13).
-6
Let n(i) = -71*i**2 - 11099*i - 3598. Calculate n(-156).
-10
Let d(y) = -y**3 - 60*y**2 - 490*y - 34111. Determine d(-61).
-500
Let n(a) = -1200*a + 57622. What is n(48)?
22
Let m(k) = 3974*k + 12145. Give m(-3).
223
Let c(d) = -890*d + 7934. Determine c(9).
-76
Let z(b) = -117*b**2 + 4680*b + 74. What is z(40)?
74
Let s(v) = -19*v**2 - 626*v - 3584. Determine s(-26).
-152
Let y(d) = 3557*d + 43199. Determine y(-12).
515
Let w(a) = 7052*a + 63299. Give w(-9).
-169
Let r(p) = -20*p - 110. What is r(12)?
-350
Let j(u) = -2*u**3 - 36*u**2 - 162*u - 199. What is j(-9)?
-199
Let j(m) = -3337*m + 13865. Determine j(4).
517
Let w(k) = -k**3 + 28*k**2 + 399*k - 160. Determine w(-11).
170
Let a(y) = -2*y**2 + 210*y + 9441. What is a(-34)?
-11
Let m(u) = 759*u + 135281. Determine m(-178).
179
Let v(o) = 7279*o - 189245. Give v(26).
9
Let c(g) = -g**3 - 326*g**2 - 5241*g - 51. What is c(-17)?
-255
Let g(z) = 11720*z - 785221. What is g(67)?
19
Let c(j) = 911*j**2 - 46457*j - 197. Calculate c(51).
7
Let n(m) = -107*m**2 - 633*m - 3. What is n(-6)?
-57
Let c(x) = x**2 + 721*x + 42625. Give c(-65).
-15
Let q(k) = 6*k - 7561. What is q(275)?
-5911
Let m(z) = 3*z**2 - 1209*z + 44921. Calculate m(37).
4295
Let h(x) = -474*x**2 + 155*x + 300. What is h(1)?
-19
Let n(p) = 32*p**3 - 2*p**2 + 460*p - 459. Give n(1).
31
Let i(m) = 3*m**2 + 104*m + 1281. Calculate i(-12).
465
Let n(j) = j**3 - 34*j**2 - 110*j - 59. Determine n(-3).
-62
Let b(l) = -5*l**3 + 98*l**2 + 166*l - 4235. Determine b(19).
2
Let z(m) = -983*m + 162189. What is z(165)?
-6
Let h(c) = c**3 - 137*c**2 + 3286*c + 30. Calculate h(106).
30
Let s(x) = -2486*x + 25367. Give s(10).
507
Let s(y) = 2893*y**2 + 2332*y - 1. Calculate s(-1).
560
Let s(a) = -5*a**3 - 51*a**2 - 26*a - 267. Calculate s(-10).
-107
Let q(i) = -i**3 - 95*i**2 - 1623*i - 1186. Give q(-73).
55
Let m(x) = -6*x**2 - 4010*x - 28116. What is m(-7)?
-340
Let g(b) = b**3 - 250*b**2 + 5615*b + 245. Calculate g(25).
-5
Let c(g) = -5*g**3 + 71*g**2 + 3*g - 242. Give c(14).
-4
Let t(v) = -108102*v - 972872. What is t(-9)?
46
Let z(u) = 7*u**2 - 5*u - 3701. Give z(23).
-113
Let h(q) = 2*q**2 + 237*q - 204. Calculate h(-112).
-1660
Let j(a) = -21*a**2 - 1575*a - 28642. What is j(-31)?
2
Let c(q) = -2*q**3 - 5*q**2 + 25*q - 36. Give c(2).
-22
Let p(g) = -2*g**3 - 26*g**2 + 6588*g + 91857. What is p(-14)?
17
Let h(y) = -y**2 - 158*y - 5063. Calculate h(-46).
89
Let k(l) = 2*l**3 - 200*l**2 - 851*l + 103856. Give k(99).
5
Let w(s) = -3*s**3 - 44*s**2 - 13*s + 105. Determine w(-14).
-105
Let o(s) = -2*s**3 + 17*s**2 + 213*s - 1772. What is o(8)?
-4
Let l(j) = -702702*j + 14054027. Give l(20).
-13
Let y(t) = -3*t**2 - 498*t + 11219. Give y(-187).
-562
Let d(p) = p**3 - 2632*p**2 + 5049*p + 554937. Determine d(2630).
7
Let d(u) = 3*u**3 + 57*u**2 + 65*u - 67. Determine d(-18).
-265
Let f(t) = -158904*t + 1112325. What is f(7)?
-3
Let y(d) = d**2 - 14270*d + 71300. Determine y(5).
-25
Let t(k) = -k**3 - 233*k**2 - 2020*k - 1015. Give t(-224).
-119
Let g(k) = k**2 + 620*k - 77615. Determine g(103).
-3146
Let b(l) = 4*l**3 - 169*l**2 + 1108*l - 44770. What is b(42)?
2
Let h(i) = -37*i + 1226. Calculate h(55).
-809
Let a(x) = -74818*x + 224442. What is a(3)?
-12
Let v(r) = -8970*r + 52281. Calculate v(6).
-1539
Let z(h) = 17*h**2 - 414*h - 23. Calculate z(25).
252
Let x(s) = -170*s**3 + 8*s**2 - 5*s - 8. Determine x(0).
-8
Let j(b) = -4977*b - 24901. What is j(-5)?
-16
Let k(u)